by 129145.
5
What is the remainder when 21380365 is divided by 127?
42
Calculate the remainder when 375737 is divided by 1721.
559
Calculate the remainder when 281902 is divided by 1424.
1374
Calculate the remainder when 356857 is divided by 382.
69
Calculate the remainder when 434288 is divided by 24.
8
What is the remainder when 2871667 is divided by 319069?
46
Calculate the remainder when 586534 is divided by 320.
294
What is the remainder when 1773355 is divided by 172?
35
What is the remainder when 5132048 is divided by 45416?
40
What is the remainder when 70247175 is divided by 47?
35
Calculate the remainder when 229564 is divided by 1437.
1081
What is the remainder when 23500059 is divided by 398306?
5
Calculate the remainder when 79954788 is divided by 357.
354
Calculate the remainder when 10101477 is divided by 10100681.
796
What is the remainder when 7176992 is divided by 3588436?
120
What is the remainder when 6789644 is divided by 172?
116
Calculate the remainder when 12298 is divided by 1227.
28
What is the remainder when 1547056 is divided by 25?
6
What is the remainder when 965079 is divided by 39?
24
What is the remainder when 34750703 is divided by 5561?
14
Calculate the remainder when 5180494 is divided by 2859.
2845
Calculate the remainder when 393420 is divided by 3282.
2862
Calculate the remainder when 13528646 is divided by 6.
2
Calculate the remainder when 593674 is divided by 495.
169
Calculate the remainder when 13467312 is divided by 1224301.
1
What is the remainder when 6468143 is divided by 6468139?
4
What is the remainder when 11733757 is divided by 838125?
7
What is the remainder when 12087 is divided by 4021?
24
What is the remainder when 1180482 is divided by 131050?
1032
Calculate the remainder when 673566 is divided by 13.
10
Calculate the remainder when 83334013 is divided by 17.
13
What is the remainder when 14290194 is divided by 43?
4
Calculate the remainder when 985169 is divided by 57918.
563
What is the remainder when 30127057 is divided by 2649?
2629
Calculate the remainder when 38261449 is divided by 19130717.
15
What is the remainder when 125715 is divided by 967?
5
What is the remainder when 30637 is divided by 853?
782
What is the remainder when 2464675 is divided by 2185?
2180
Calculate the remainder when 106139 is divided by 1599.
605
What is the remainder when 15069999 is divided by 663?
9
What is the remainder when 3162480 is divided by 1053954?
618
Calculate the remainder when 30631535 is divided by 4.
3
What is the remainder when 84372911 is divided by 55?
51
Calculate the remainder when 7730 is divided by 2125.
1355
What is the remainder when 16661538 is divided by 2651?
3
Calculate the remainder when 7721878 is divided by 23.
19
Calculate the remainder when 312086 is divided by 104027.
5
Calculate the remainder when 7759956 is divided by 520.
516
Calculate the remainder when 24150216 is divided by 1719.
1704
Calculate the remainder when 6915082 is divided by 228.
70
What is the remainder when 1001198 is divided by 111071?
1559
What is the remainder when 467987 is divided by 1221?
344
Calculate the remainder when 213691 is divided by 851.
90
Calculate the remainder when 5411978 is divided by 773124.
110
What is the remainder when 90343 is divided by 79?
46
What is the remainder when 17919792 is divided by 2718?
18
What is the remainder when 397175 is divided by 201?
200
What is the remainder when 13611040 is divided by 10257?
1
Calculate the remainder when 212459 is divided by 212384.
75
Calculate the remainder when 237817 is divided by 117275.
3267
What is the remainder when 645056 is divided by 107012?
2984
What is the remainder when 19437424 is divided by 138?
124
Calculate the remainder when 110105 is divided by 55035.
35
What is the remainder when 362093 is divided by 25860?
53
Calculate the remainder when 46973 is divided by 19686.
7601
Calculate the remainder when 63503 is divided by 5116.
2111
What is the remainder when 348217 is divided by 115288?
2353
Calculate the remainder when 681792 is divided by 515.
447
What is the remainder when 11646319 is divided by 560?
559
Calculate the remainder when 20661682 is divided by 6.
4
What is the remainder when 4768873 is divided by 132467?
61
What is the remainder when 392914 is divided by 148?
122
Calculate the remainder when 5484924 is divided by 3027.
0
Calculate the remainder when 146233012 is divided by 964.
960
What is the remainder when 341273 is divided by 4545?
398
What is the remainder when 460826 is divided by 20?
6
What is the remainder when 279386449 is divided by 7707?
7699
What is the remainder when 6248513 is divided by 3124236?
41
What is the remainder when 833728 is divided by 8826?
4084
Calculate the remainder when 755043 is divided by 964.
231
Calculate the remainder when 1516244 is divided by 17.
14
What is the remainder when 11944645 is divided by 23?
9
What is the remainder when 24473609 is divided by 24473608?
1
What is the remainder when 108100 is divided by 4912?
36
What is the remainder when 12056842 is divided by 1950?
1942
Calculate the remainder when 235331 is divided by 7842.
71
What is the remainder when 61644 is divided by 178?
56
What is the remainder when 274745 is divided by 2950?
395
What is the remainder when 687374 is divided by 34?
30
What is the remainder when 2433682 is divided by 537?
535
What is the remainder when 765921 is divided by 21819?
2256
What is the remainder when 37530376 is divided by 22?
4
What is the remainder when 6544060 is divided by 55?
50
What is the remainder when 318485 is divided by 340?
245
Calculate the remainder when 1770210 is divided by 186.
48
What is the remainder when 74615 is divided by 2166?
971
Calculate the remainder when 4349115 is divided by 55050.
165
What is the remainder when 6965848 is divided by 995118?
22
What is the remainder when 756176 is divided by 907?
645
What is the remainder when 465564 is divided by 232431?
702
What is the remainder when 456571 is divided by 3679?
375
What is the remainder when 3365463 is divided by 51?
24
Calculate the remainder when 31050550 is divided by 19298.
68
What is the remainder when 10151191 is divided by 18?
1
What is the remainder when 607910 is divided by 3707?
3669
Calculate the remainder when 1007755553 is divided by 23.
19
Calculate the remainder when 30957 is divided by 3580.
2317
Calculate the remainder when 26024804 is divided by 3253100.
4
Calculate the remainder when 237828 is divided by 79235.
123
What is the remainder when 12872057 is divided by 89?
76
Calculate the remainder when 2013710 is divided by 62927.
46
Calculate the remainder when 1313750 is divided by 214.
4
What is the remainder when 15371630 is divided by 993?
983
Calculate the remainder when 4444079 is divided by 70.
59
What is the remainder when 157493 is divided by 3584?
3381
What is the remainder when 3048484 is divided by 11?
10
What is the remainder when 7181461 is divided by 1355?
1316
What is the remainder when 82208 is divided by 11729?
105
Calculate the remainder when 8526664 is divided by 8526663.
1
Calculate the remainder when 1878605 is divided by 701.
626
What is the remainder when 9289810 is divided by 28?
26
What is the remainder when 29069 is divided by 29067?
2
Calculate the remainder when 2659418 is divided by 3709.
65
Calculate the remainder when 1271796 is divided by 5432.
708
What is the remainder when 310782613 is divided by 15?
13
Calculate the remainder when 112133783 is divided by 133.
20
Calculate the remainder when 1870618 is divided by 26.
22
What is the remainder when 4009279 is divided by 35?
29
Calculate the remainder when 709862 is divided by 47324.
2
Calculate the remainder when 722310 is divided by 2384.
2342
What is the remainder when 6743762 is divided by 569?
543
Calculate the remainder when 429864 is divided by 374.
138
Calculate the remainder when 30789711 is divided by 6120.
6111
Calculate the remainder when 17643437 is divided by 83.
44
What is the remainder when 5973480 is divided by 72?
0
Calculate the remainder when 2343590 is divided by 5501.
164
Calculate the remainder when 95209 is divided by 6010.
5059
Calculate the remainder when 3162653 is divided by 7355.
3
Calculate the remainder when 12309